digit of a - (0 - 4/(-4))?
1
Let m = -151 - -158. Suppose -4*g - 1293 = -m*g. What is the units digit of g?
1
Let n = -80 - -138. Suppose 0 = 2*m - n + 164. Let u = -41 - m. What is the units digit of u?
2
Let o be (-2 - 8) + 2 - (-8)/2. What is the units digit of 2/(-1 + o + (-591)/(-118))?
6
Suppose 131*z + 3*m = 136*z - 58118, z + 5*m = 11618. What is the thousands digit of z?
1
Suppose -q - 85 = 4*q. Let x = q - -31. Suppose -x*k - 31 = -15*k. What is the tens digit of k?
3
Let d(w) = 100*w**3 - w**2 - 104*w + 204. What is the hundreds digit of d(2)?
7
Suppose -5*g + 92 = -5*p - 3, 95 = -5*p + 3*g. What is the units digit of p/(95/(-510)) + -2?
0
Let u be 4*(1 + (-6)/(-8)). Suppose -7*d + 98 - u = 0. What is the tens digit of 0 - 1238/(-8) - d/(-52)?
5
What is the tens digit of (2446*-5)/(800/64 - 13)?
6
Suppose 82*u + 124*u = 4660436 + 164290. What is the tens digit of u?
2
Let t = -14716 + 37943. What is the ten thousands digit of t?
2
Let t be 3/3 - 1/((-5)/(-30)). What is the units digit of 3256/20 - t/25?
3
Let u be (-353)/(-2)*7/(63/(-54)). Let l = -697 - u. What is the hundreds digit of l?
3
Suppose -9*x + 78*x + 4017 = 17610. What is the tens digit of x?
9
Suppose 0*k = -k - 5*s + 29, 3*k - 61 = -2*s. What is the hundreds digit of 65555/133 + 2/k?
4
Let y be 2029 + -10 - 32/4. Let j = y + -818. What is the thousands digit of j?
1
Let o = 23 + -3. Suppose 5*b = b - o. What is the tens digit of (-7 - b)/(3/(-318))?
1
Let o be 858/16 + 27/72. Suppose 0 = 2*u - 3*u - o. Let q = u - -108. What is the units digit of q?
4
Let i be (2/((-8)/3))/(36/(-720)). Suppose 5*z + 980 = 5*m, -i + 0 = -5*z. What is the tens digit of m?
9
Let u(o) = 61*o**2 - 161*o + 20. What is the thousands digit of u(12)?
6
Suppose 0 = 3*b - 4*u - 8, 0 = -5*b + 4*u - 16 + 32. What is the hundreds digit of 173/b*19/((-171)/(-72))?
3
Suppose 0*r - 2*f - 280 = 2*r, -2*f = -3*r - 395. Let o = 703 + r. What is the tens digit of o?
6
Let f(x) = -34*x - 920. What is the tens digit of f(-79)?
6
Let r = 64130 + 1080. What is the ten thousands digit of r?
6
Suppose -6330 = 5*s + 5*p - 53940, 4*p = 5*s - 47574. What is the tens digit of s?
1
Suppose 282*v + 1306294 - 1671210 = 10493776. What is the tens digit of v?
0
Let v(u) = 9*u - 20. Let c be v(8). What is the units digit of -4*(5 - c/8)?
6
Let p = 1406 - 850. Suppose i + i = p. What is the tens digit of i?
7
What is the units digit of (-3310)/4*(3/(-21) + (-1422)/630)?
6
Let t = -16216 + 18994. What is the hundreds digit of t?
7
Suppose 0 = 3*f - 0*f. Suppose f = 12*s - 11*s - 224. What is the tens digit of s?
2
Let d(y) = 5*y**2 + 4*y + 7. Let o be 0 + -3 - (-11 + 2). Suppose 3*v - o = v. What is the units digit of d(v)?
4
Let l be 2*-1*(-26)/4. Let m(t) = -t**2 + 12*t + 15. Let d be m(l). What is the tens digit of 63 + 12 - d*-1?
7
Let v = -19136 + 41562. What is the units digit of v?
6
Let l(w) = -w**2 + 37*w + 54. Let c be l(39). What is the units digit of c/(-16)*(-1362)/(-9)?
7
Let u(c) be the third derivative of -299*c**4/24 + 49*c**3/6 - 43*c**2. What is the units digit of u(-5)?
4
Let w be (5/30 + (-21)/(-18))*3. Suppose -w*p + r = 531, 5*p - 4*r + 457 = -215. What is the tens digit of 136/170 - p/10?
1
Suppose 40*i = 41*i + u - 71142, 4*i = 3*u + 284610. What is the thousands digit of i?
1
Suppose 4*w = u + 149063, -2*w + 8*u + 74549 = 5*u. What is the units digit of w?
4
Suppose -24 = 14*h - 15*h. Let v = 680 + h. What is the units digit of v?
4
Let b = 2739 - 2672. What is the tens digit of b?
6
Let d(m) = -6*m - 32. Let l(x) = -x. Let s(k) = -d(k) + 4*l(k). Let y be (-10)/(2 - 3/1). What is the tens digit of s(y)?
5
Suppose 0 = 7*w + 2*v - 204940, 12*v = 17*v + 15. What is the units digit of w?
8
Suppose 7*d - 5182 = -h + 6*d, -4*h + 20748 = -d. What is the hundreds digit of h?
1
Suppose -57 = -4*p + 3. Suppose p = -15*c + 75. What is the units digit of (2/c)/(-2*(-1)/244)?
1
What is the thousands digit of (-249)/(-3984) + (-1 - (-587038)/32)?
8
Let g be (199*2/(-4))/(78/(-156)). Let r = 237 + g. What is the tens digit of r?
3
Suppose -3*t = 2*p - 52940, -3*p - t = -37234 - 42162. What is the tens digit of p?
6
Let c(d) = d**3 + 13*d**2 + 12*d - 8. Let a be c(-12). Let t(x) = -2. Let g(s) = -26*s + 23. Let f(y) = g(y) + 3*t(y). What is the hundreds digit of f(a)?
2
Let k(v) = 19*v**3 + 31*v**2 + 74*v - 1170. What is the units digit of k(14)?
8
Let d = -400 + 1122. Suppose -y = 1, -5*s + 2867 = y - d. What is the hundreds digit of s?
7
Let s be 70/(-22) + (-8)/(-44). Let o(u) = -97*u - 20. What is the hundreds digit of o(s)?
2
Let p(k) = k**3 - 3*k**2 - 6*k + 21. Let o be p(3). What is the tens digit of -5 + (-4996)/(-12) - o/9?
1
Let d(a) = -153*a - 57. Suppose -29*o - 68 = 106. What is the tens digit of d(o)?
6
Suppose -2246 = -4*l - 598. Suppose -6*c = -860 - l. Let n = c + -19. What is the hundreds digit of n?
1
Suppose 4 = w, -2*m + 262 + 958 = -3*w. Suppose m - 190 = y. Let n = y - 251. What is the hundreds digit of n?
1
Let v = -383 - -386. Suppose -3*x + 4*z + 1717 = v*z, 1162 = 2*x - 5*z. What is the hundreds digit of x?
5
Let z(q) = -7*q - 8. Suppose 2*r - 10 = -3*r. Suppose r*l = 15 - 37. What is the units digit of z(l)?
9
Suppose -24*r + 21*r = -99. Suppose -4*s - r = -33. Suppose u + 5*z - 15 = s, -2*z = 4*u + z - 77. What is the units digit of u?
0
Suppose 2*z - p = p + 22, 0 = -3*z - p + 37. Suppose 5*j + 11276 - 4336 = 0. What is the tens digit of j/(-16) + 3/z?
8
Suppose -12831 = -2*r + 9*r - 98*r. What is the units digit of r?
1
Let z = 895 - 604. Suppose 0*o + 849 = 3*r - 5*o, r + o = z. Suppose 0 = 5*f - 20, 6*t - 3*t + 3*f = r. What is the units digit of t?
2
Let l(n) = -797*n**3 + 5*n**2 + 146*n + 530. What is the units digit of l(-4)?
4
Let j(q) = q + 8. Let o be j(-6). Suppose d - 5*d - o*c = -1200, -2*d + 620 = -4*c. What is the units digit of d?
2
Suppose 7*q + 2135 = 10941. Let n = 1838 - q. What is the tens digit of n?
8
Suppose 10*k - 43965 + 4375 = 0. What is the hundreds digit of k?
9
Suppose 0*j - 15 = -5*j, 5*d = -j + 1793. Let b = d - 283. What is the tens digit of b?
7
What is the thousands digit of (-2 - (-2298)/4)/((-1791)/(-594) + -3)?
7
Let y = -112 + -61. Let j = 389 - 145. Let c = j + y. What is the units digit of c?
1
Let z = 2408 + -1091. Let a = z + -937. Suppose -5 = 5*n + 10, -2*w + 4*n = -a. What is the units digit of w?
4
What is the ten thousands digit of (-2)/((-95 - -94)*2/14956)?
1
Let v(k) = 5*k**3 - 15*k**2 - 7*k - 23. What is the thousands digit of v(11)?
4
Let n be ((-10)/15)/((-116)/(-24) + -5). Suppose n*j = 1101 - 225. What is the units digit of j?
9
Let i = 14575 + 5847. What is the thousands digit of i?
0
Suppose h + c - 53 = 4*h, -5*h - 93 = 3*c. What is the tens digit of 1236*((-12)/(-14))/(h/(-28))?
4
Let j be (-9600)/280 - 2/(-7)*1. Let w be (-15)/5 + 9 + -2. What is the units digit of (j*(-13)/w)/((-2)/(-4))?
1
Let z be (-3)/(-4) + (-1106)/(-8). Let u(k) = -11*k**3 + k**2 - 7*k + 14. Let j be u(2). Let p = j + z. What is the tens digit of p?
5
Suppose -663 = 4*u + 4*f + 10733, 2*u - 2*f + 5690 = 0. What is the hundreds digit of u/(-18) - 16/96?
1
Suppose 1695700 = 151*w - 51*w. What is the thousands digit of w?
6
Let c = -14053 + 9651. Let z = -2476 - c. What is the hundreds digit of z?
9
Suppose -14*s = -3*u - 10*s + 20363, 5*s = 4*u - 27151. What is the units digit of u?
9
Suppose 80 = -10*z - 50. Let y be -2 - (0 + 1) - (-24 - z). Suppose 0 = m + 3*a - y*a - 174, -353 = -2*m + 5*a. What is the tens digit of m?
7
Let f(g) = 677*g**2 + 14*g - 57. What is the tens digit of f(4)?
3
Let k be -4 + 1 + 3 + 4. Let x be k + -3 + -4 - -11. What is the tens digit of x/(-3)*18/(-1)?
4
Let p = 1034 + -594. Suppose 2*d - 3*w = p, -924 = -13*d + 9*d - 5*w. What is the units digit of d?
6
Let q = 2598 + 1730. What is the hundreds digit of q?
3
Suppose 0 = -2*c + 3*c - 430. Suppose -3*f - 77*f - 17*f + 1164 = 0. Suppose c + 410 = f*g. What is the units digit of g?
0
Let w be 3 + (-490)/5 + -2. Let l = 110 + w. Let p(q) = 3*q**2 - 25*q + 21. What is the hundreds digit of p(l)?
2
Let a(o) = -26*o**3 - 7*o**2 - 66*o + 47. What is the tens digit of a(-9)?
2
Suppose -78*i - 36527 + 56262 = -89855. What is the thousands digit of i?
1
Suppose -x = 2*x - 630. L